Suppose 0 = 2*l - 20 - 16. Let u = l + -39. What are the prime factors of 146*(u/(-6) + -3)?
73
Suppose -75*x = -38*x - 195138. List the prime factors of x.
2, 3, 293
Let j = 25 - 21. Suppose 0 = j*f - 5*m + 809, 211 = -f - 0*m + 3*m. List the prime factors of (-2 - -3)/((-4)/f).
7
Let o be (5 + 115/(-25))/(3/(-795)). Let s = 160 + o. What are the prime factors of s?
2, 3
Let o = 70 - 72. List the prime factors of ((-81)/(-2) - o)/((-10)/(-20)).
5, 17
Let l = -23 + 27. Suppose -b + 3*b - 2 = -4*k, 0 = l*k - 5*b + 33. What are the prime factors of (-2)/(4/82)*k?
2, 41
Let v(c) = c**2 + 6*c + 6. Suppose 2*j = 2*z - 12, -5*j - 26 = -2*z - z. Let g be v(j). Let q = g + 12. What are the prime factors of q?
2, 5
Suppose 5*z + 10 = 0, 4*z - 185 = -4*p + 843. Suppose 4*f - 4*q = 364, -5*f + p + 197 = -4*q. List the prime factors of f.
2, 23
Let k(x) = 5*x**3 - 45*x**2 - 10*x + 90. Let g(j) = j**3 - 9*j**2 - 2*j + 18. Let i(s) = -11*g(s) + 2*k(s). What are the prime factors of i(8)?
2, 31
Let s(d) = -d**3 - 7*d**2 + 7*d - 4. Let k be s(-8). Suppose 10 + 17 = 4*r - 5*x, k*r + x = 33. Suppose -r - 8 = -n. List the prime factors of n.
2
Let u(z) = z**2 - 11*z - 7. Let o be u(10). Let m = -13 - o. Suppose j = 2*l + m*j - 64, -56 = -2*l - 5*j. What are the prime factors of l?
2, 19
Suppose 3 = 4*m - 17. Suppose 0 = -7*a + m*a - 172. Let w = -38 - a. List the prime factors of w.
2, 3
Let y(o) = -30*o**3 - o**2 + 3. Let d = -3 - -1. List the prime factors of y(d).
239
Let c = 122 + -241. What are the prime factors of c/(-2) - 9/18?
59
Let c be (-1 + (-6)/3)/(-1). Let r be 0 + (1 - c) - -77. Suppose 3*q - 8*q = -r. What are the prime factors of q?
3, 5
Let k = -2660 + 4062. List the prime factors of k.
2, 701
Suppose -4*h - z = -17319, -2*z = 5*h - 12010 - 9641. List the prime factors of h.
3, 13, 37
Let p(d) = -2*d - 92. Let u(z) = -4*z - 93. Let i(l) = -5*p(l) + 4*u(l). List the prime factors of i(-28).
2
Suppose 12 = 3*x, 4*x = -t + 8*x - 16. Suppose 8*j = -t*j + 968. What are the prime factors of j?
11
Suppose 51*q - 53*q = -132. Let i = q - 36. What are the prime factors of i?
2, 3, 5
Let t = 80 + -142. Let d = t - -66. List the prime factors of d.
2
Let y be 2*(44 + 4 + -4). Suppose -5*u + u + y = 0. What are the prime factors of u?
2, 11
Suppose 165 = 58*q - 53*q. Suppose 5*m + 2*l - 460 = q, 0 = 2*l + 2. What are the prime factors of m?
3, 11
Suppose 8*a = 14*a - 2034. What are the prime factors of a?
3, 113
Let r(c) = -2*c + 13. Let j(q) = -3*q + 26. Let m(k) = -4*j(k) + 9*r(k). Let g be m(6). Let v = g + 34. List the prime factors of v.
11
Let k(l) = l**3 + 23*l**2 - 33*l - 24. List the prime factors of k(-24).
2, 3
Let f(d) = d**3 - 10*d**2 - 10*d - 15. Let w be f(11). List the prime factors of ((-4)/4)/2 + (-338)/w.
2, 3, 7
Suppose 9*o - 1834 - 13565 = 0. List the prime factors of o.
29, 59
Let m = 13 + -11. Let o(l) = l + 1. Let y(t) = -t - 1. Let g(i) = m*y(i) + 3*o(i). List the prime factors of g(3).
2
Let x = 37 + -33. Suppose -x*s = -2*g - 206, 2*s + 5*g - 35 - 50 = 0. List the prime factors of s.
2, 5
Let r = -4 + 4. Suppose r*t = 3*t - 72. Suppose -t = j - 3*j. List the prime factors of j.
2, 3
Let s = 149 - 78. List the prime factors of s.
71
Let c(i) = 4*i - 4. Let l be c(-3). Suppose 2*u + 12 = -u. What are the prime factors of (-81)/u + (-12)/l?
3, 7
Let r be 272/14 - (-88)/154. Let f(h) = -h**3 + 20*h**2 + 11*h + 16. List the prime factors of f(r).
2, 59
Let p be (7 + (-19)/2)*(-282)/5. Suppose 34 + p = 7*j. List the prime factors of j.
5
Suppose 2*i = 5*b + 123, 4*b + 7 = 3. What are the prime factors of i?
59
Suppose -169 = -c - 2*l, 0*c - 2*l = -4*c + 676. Suppose 4*w + d + 442 = 0, 0 = 2*w - 5*w - 5*d - 340. Let h = w + c. What are the prime factors of h?
59
Suppose u - 117 = t, 2*t - t = -2*u + 231. What are the prime factors of u?
2, 29
Let t be 3/(-2) - (-13)/26. Let v = t + 4. Suppose -5*b - v*l = -83, 4*b + 4*l = 44 + 24. List the prime factors of b.
2
Let l(p) be the first derivative of 17*p**2/2 - 10*p - 28. What are the prime factors of l(6)?
2, 23
Suppose 0 = -2*q - q + 5*k - 130, 2*k - 10 = 0. Let c = -14 - q. What are the prime factors of c?
3, 7
Let p(w) be the third derivative of -w**5/60 + 5*w**4/8 + 3*w**3/2 - 3*w**2. Let s be p(12). Let z = 64 - s. List the prime factors of z.
19
Suppose -9*b = -10*b + 486. What are the prime factors of b?
2, 3
Suppose 20 = n - 21. Let i(m) = 2*m + 1. Let k be i(6). Suppose -2*w + 3*g + n = -k, 0 = -3*w + 5*g + 82. List the prime factors of w.
2, 3
Suppose -22*f = -18*f - 24. Suppose -f*p + 129 = -93. List the prime factors of p.
37
Let y(z) = -38*z - 100. What are the prime factors of y(-18)?
2, 73
Suppose -2*w + 4 = 2. Suppose -2*d - w = 27. Let l = -5 - d. What are the prime factors of l?
3
Let u(d) = -16*d**2 - 9*d + 66. Let q(x) = 3*x**2 + 2*x - 13. Let j(i) = i - 4. Let m be j(6). Let v(a) = m*u(a) + 11*q(a). List the prime factors of v(6).
7
Let z be (155 - 4) + 0 - -2. Suppose -2*j + 53 = -z. What are the prime factors of j?
103
Suppose x + 526 = y + 5950, -y + 10863 = 2*x. List the prime factors of x.
61, 89
Let q(m) be the first derivative of m**3/3 - m**2 + 9*m - 1. Let u be (2/(-8))/(3/18)*-4. What are the prime factors of q(u)?
3, 11
Let q = 1 - -3. Suppose q*u + 0*u + 72 = 0. Let d = u - -29. List the prime factors of d.
11
Let x be (-3 - -3) + 2/1. Let a be ((-406)/35)/((-4)/10). Suppose -2 = -0*j - x*j, -2*j + a = u. What are the prime factors of u?
3
Let v(n) be the second derivative of 13*n**3/3 + n**2 + 5*n. Let z be v(2). What are the prime factors of (5 + z)/(1 - 0)?
59
Let s(i) = 237*i + 71. What are the prime factors of s(2)?
5, 109
Let z be -2 + (3 - 10/(-2)). Let d be (-1)/2 + 33/z. What are the prime factors of 33/d + (-2)/(-5)?
7
What are the prime factors of (3 - 3/(-12))/((-2)/(-8))?
13
Suppose -h + 10 = 5. Suppose h*o = -0*o + 75. Suppose 9*a = -o + 429. What are the prime factors of a?
2, 23
Let f(k) = 5*k**2 - 2*k**2 - 4*k**2 + 3*k + 5*k. List the prime factors of f(6).
2, 3
Let o = -3174 - -4550. List the prime factors of o.
2, 43
Suppose 2 = 2*o, 4*o - 3396 = -5*f + 873. What are the prime factors of f?
853
Let w = -1459 - -1587. What are the prime factors of w?
2
What are the prime factors of 10/400*-5 + 7858/16?
491
Let a be (8090/(-20))/(0 + 1/(-2)). Let g = a + -545. What are the prime factors of g?
2, 3, 11
Suppose -25*i - 21084 = -46*i. What are the prime factors of i?
2, 251
Let u = -7 + 10. Suppose -u*s + 29 = -259. What are the prime factors of ((-6)/9)/((-2)/s)?
2
List the prime factors of ((-2)/19 - (-71929)/494)*2.
3, 97
Let i(s) = -4*s**2 - 9*s - 3. Let u be i(-7). What are the prime factors of 1/(-4 + (-546)/u)?
2, 17
Suppose 4*d = 5*d - 96. Suppose -q - n = 3*q - d, -2*n = 8. List the prime factors of q.
5
Suppose -37 = -2*a + 39. Suppose 0 = -r + a + 34. What are the prime factors of r?
2, 3
Let r(k) = 39*k - 1 + 15*k**2 - 39*k. What are the prime factors of r(1)?
2, 7
Let u(w) = 19*w - 101. What are the prime factors of u(40)?
659
Suppose -3*u - 4*z = -397, u + 2*z + z - 124 = 0. Let v = u + -97. What are the prime factors of v?
2, 3, 7
Let m(r) = -r**3 - 5*r**2 - 5*r - 1. Let o = 3 - 7. Let q be m(o). Suppose 2*z = s - 0*s + 20, -q*s + 12 = 0. List the prime factors of z.
2, 3
Suppose -4*q + 3383 = x, 26*x - 28*x = 3*q - 2541. What are the prime factors of q?
5, 13
Let j = -171 - 71. Let o = j + 464. List the prime factors of o.
2, 3, 37
Suppose 11*m - 210 = 6*m. Suppose -14 = -7*r + m. List the prime factors of r.
2
Suppose -k = 4*k - 680. Suppose 2*c - 4*o - k = 0, 0*c + c - o - 71 = 0. What are the prime factors of c?
2, 37
Suppose 42*w - 346 = -220. Suppose 2*g - 312 = -2*g. Suppose -21 = -w*n + g. What are the prime factors of n?
3, 11
Suppose a + 2 = 2*u, -4*a + 6 = 3*u - 8. Let y(f) = -f + 19. Let t be y(15). Suppose 7*d = a*d + t*i + 250, -4*i = 20. What are the prime factors of d?
2, 23
Suppose -x = 4 + 1. Let l(m) = 5*m + 7. Let p be l(x). Let d = 4 - p. List the prime factors of d.
2, 11
Suppose -4*f = -3*w - 5*f + 3510, 4*f = 4*w - 4680. List the prime factors of w.
2, 3, 5, 13
Suppose -4*s + 5*g = -39, 0*s + 4*g + 40 = 4*s. Let u(a) = 2*a + 3. Let c be u(4). Suppose s = y - c. What are the prime factors of y?
2, 11